lculate s(x).
-25
Let j(r) be the third derivative of r**5/40 + r**4/12 + 24*r**3 - 106*r**2. Let c(a) be the first derivative of j(a). Determine c(-5).
-13
Let w(n) be the third derivative of -3*n**4/4 + 100*n**3/3 + 5182*n**2. Give w(12).
-16
Let f(h) = -3*h**2 - 129 + 685*h - 1358*h + 672*h. Calculate f(0).
-129
Let w be (3 + -6)*6/9. Let r be 0 + 1 + (w - -3). Let m(n) = 9*n**3 - 2*n**r - 3*n**2 - 10*n**3 - 4*n - 4. Give m(-3).
-10
Let y(s) be the first derivative of 11/2*s**2 + 106 - 13*s + 1/3*s**3. What is y(-11)?
-13
Let a(p) = p**2 + p - 1. Let y(t) = 1. Let u(g) = a(g) - 2*y(g). Let x(r) = r**3 - 58*r**2 - 61*r + 115. Let h be x(59). Determine u(h).
3
Let p(f) = -f**2 + 5*f + 4. Let y be p(7). Let q(v) be the first derivative of -v**4/4 - 3*v**3 + 9*v**2/2 - 4*v + 5796. Determine q(y).
6
Let f(l) = 5*l**2 + 14*l + 26. Let k(c) = -3*c - 6. Let y(s) = f(s) + 4*k(s). Calculate y(-1).
5
Let o be -14 + (36 - 18) - (0 + 9). Let l(h) = -2*h**3 - 9*h**2 + 6*h + 4. What is l(o)?
-1
Let x be ((-615)/(-82))/((-5)/(-2)). Let i(p) = -p**2 + 7*p - 12. What is i(x)?
0
Let z(x) = -685*x - 615*x + 1307*x - 1. Determine z(-3).
-22
Let k(j) = -5*j**2 - 55*j - 3. Let d = -388 + 377. Let r be k(d). Let p(m) = 2 + 0 - m - m. Give p(r).
8
Suppose -2*z = -w + 7, -2*z = 2*w - 4*z - 4. Let s(h) = 8 - 832*h**3 + 3*h**2 - h - 10 + 833*h**3. Determine s(w).
1
Suppose -4*g = -2*g + 6. Let m(s) = -31*s - 10. Let o(z) = 10*z + 3. Let p(b) = -6*m(b) - 19*o(b). Give p(g).
15
Let i(y) = -y - 11. Let l be i(11). Let n = l - -26. Let r(z) = -3*z - 1. Let a(w) = -25*w - 8. Let f(q) = -6*a(q) + 51*r(q). Calculate f(n).
-15
Let i(x) = -x + 0*x - 733 + 708. What is i(8)?
-33
Let q(w) = w**2 - 2*w**2 - 539 + 1054 - 539 - 18*w. Calculate q(-11).
53
Suppose -5*x + 0*x = 5*b - 380, -3*x + 226 = 4*b. Suppose -1176*k + q = -1172*k - 310, -2 = q. Let s = k - x. Let p(g) = -2*g - 1. Give p(s).
1
Suppose 2*x + 2 = 12. Suppose -11*m + 57*m = 1012. Let v(u) = -5*u**2 - m*u + 4*u**2 + 27*u - x. Calculate v(4).
-1
Let a(r) = 6*r - 45. Let b(o) = -7*o + 54. Let w(v) = -5*a(v) - 4*b(v). What is w(8)?
-7
Suppose 14*g = 4*g + 570. Let q = g + -51. Let c(m) = -15*m**3 - m**2 + 15*m - 4. Let r(f) = -7*f**3 + 7*f - 2. Let n(t) = 6*c(t) - 13*r(t). Give n(q).
-4
Suppose 39 = -11*t + 61. Suppose -5 = -6*m + 7*m - s, t*m - 4*s = -4. Let a(w) = w**3 + 8*w**2 + w - 9. What is a(m)?
-17
Let b(w) be the third derivative of w**6/720 + 19*w**5/120 + w**4/12 + 9*w**3/2 - 5*w**2 + 9. Let r(p) be the second derivative of b(p). Determine r(-17).
2
Let l be (30/25)/(1 - (-9)/(-15)). Let a(j) = 0*j**2 + 31681*j + l*j**2 - 31681*j. Give a(-2).
12
Let m be ((-90)/(-21))/2 + (-5)/35. Let u(q) = -4*q**3 - 2*q**2 + 6*q + 4. Let y(d) = -5*d**3 - 2*d**2 + 7*d + 6. Let n(p) = 4*u(p) - 3*y(p). What is n(m)?
-12
Let x(j) be the second derivative of j**4/12 + 3*j**3/2 - 18*j**2 - 136*j - 8. Calculate x(-12).
0
Suppose 0 = -5*l + l - 44. Let x = l + 18. Let z(y) = 6*y**2 - 5*y**2 - 5*y - 2*y - x. Determine z(8).
1
Let c(k) = 2*k**2 + 21*k + 20. Suppose 16*a + 31 = -53 - 76. What is c(a)?
10
Let m(f) be the second derivative of -f**5/60 + 7*f**4/24 + 5*f**3/3 + 105*f**2/2 + 100*f + 1. Let u(k) be the first derivative of m(k). Calculate u(8).
2
Let k be (-8 + -4 - 0)/4. Let j(z) = -2*z + 5. Calculate j(k).
11
Let c(b) be the second derivative of -b**5/20 - 2*b**4/3 + 5*b**3/3 + b**2 - 1614*b. What is c(-9)?
-7
Let p(w) = 23*w + 1. Suppose 3*v + 22 = -4*i, -6*v - 3*i - 22 = -v. Let n be (-15)/(-12) + v/8. Give p(n).
24
Let g(v) = -5*v. Suppose 0 = m - 19 + 7. Let o = 10 - m. Let z be 1*4*o/(-8). What is g(z)?
-5
Suppose 4*w - 2*g - 161 - 19 = 0, -3*w = -3*g - 129. Suppose 0 = w*v - 40*v + 14. Let z(c) = 4*c - 3. Give z(v).
-11
Let a(m) be the first derivative of -m**3/3 + m**2/2 - 3*m - 10. Let f be (-15)/(-18) - ((-115)/(-30) + -3). Determine a(f).
-3
Let j(m) be the first derivative of -2*m**3/3 - 7*m**2/2 + 6*m - 2055. Give j(-7).
-43
Suppose 2*x + 5 = -3*x. Let h(m) be the first derivative of 2/3*m**3 - m + 0*m**2 + 44 + 15/4*m**4. Determine h(x).
-14
Let g(s) = 3*s**2 - 13*s + 7. Let l = -166 - -164. Let k(y) = -10*y**2 + 40*y - 20. Let w(i) = l*k(i) - 7*g(i). What is w(9)?
9
Let w = -7 - -11. Suppose -w*v + 5 = v. Let l(t) be the first derivative of 5*t**4/4 + t**3/3 - t**2 + t + 163. Give l(v).
5
Let g(w) = w**3 + 10*w**2 - 72*w + 39. Let o be 1/(4/40)*4*6/(-16). What is g(o)?
-6
Let q(x) = x**2 - 7*x - 3. Let p(j) = -j**2 + 12*j + 18. Let w(v) = 2*p(v) + 5*q(v). Determine w(5).
41
Let f(x) be the second derivative of x**7/840 + 11*x**6/360 - x**5/40 - x**4/12 - 28*x**3/3 - 49*x. Let n(w) be the second derivative of f(w). What is n(-11)?
31
Let n be (-3 + 2)/(1/(-4)). Suppose -29 = -3*z - 0*a + n*a, -a - 5 = 0. Let g(c) = c**2 - 4*c + 2. Calculate g(z).
-1
Let q(m) = 11*m**3 + 2*m**2 - 1. Let l = -10774 + 10773. Calculate q(l).
-10
Let h(y) = y**3 + y. Let u(f) = -5*f - 135. Let t be u(-27). Suppose t = 22*n - 10 + 32. Determine h(n).
-2
Suppose -4*f = -5*y - 8, -f - 2 = y - 2*f. Let x(m) = -m**2 + 0*m**2 - 1362 + 2756 - 1390. Determine x(y).
4
Let i(w) = 4*w - 5. Let c(p) = 7*p - 8. Let u = -48 + 51. Let q(z) = u*c(z) - 5*i(z). Determine q(7).
8
Let g be (2 - 0) + 5 + -3 + 1. Suppose -3*v = g*j - 9, 3*v - 8*v = 2*j + 4. Suppose j*d + 40 = -2*d. Let k(i) = i**2 + 9*i - 8. Determine k(d).
-16
Suppose -3*d + 3*a = 213, -6*d + 2*d + 2*a = 278. Let u = 71 + d. Let q(m) = 3*m + u - 5*m - 2*m + m. What is q(-4)?
15
Let a be 1/(-2)*(3 + -7). Let p(t) = -2 + 4 + 3 + a - 2*t. Let h = 3574 - 3580. Calculate p(h).
19
Let w(h) = 2*h + 30. Let q = -165 - -152. Let p be w(q). Let o(f) be the first derivative of -f**4/4 + 5*f**3/3 - 5*f**2/2 + 3*f - 1. Determine o(p).
-1
Let x(v) = -1 + 7 - 13 + 5 - 6*v - v**2. Suppose -w = 4*w - 2*w. Suppose 10 = -2*k - w*k. Give x(k).
3
Let t be ((-36)/(-15))/(75/(-125)). Let u(j) = -4*j**2 - 4*j - 9. What is u(t)?
-57
Let p = 101 + -95. Suppose 0 = j - 5*d - p, -3*j + 0*j + 5*d = 2. Let x(w) = w + 4. Calculate x(j).
0
Let v = -7 + 1. Let u(z) be the first derivative of z**5/60 + z**4/4 + z**3 + 91*z**2/2 - 78. Let b(n) be the second derivative of u(n). Calculate b(v).
6
Let j(z) = 480*z + 10592. Let n be j(-22). Let t(c) = c**3 - 33*c**2 + 32*c + 14. Give t(n).
14
Let w(x) = 4*x**3 + 146*x**2 + 232*x - 214. Let z(v) = 5*v**3 + 182*v**2 + 290*v - 268. Let q(k) = 11*w(k) - 9*z(k). Determine q(-30).
-2
Let h(s) = s - 5. Suppose r = -100 + 100. Let y be (-39)/(-3) + -5 + r. Calculate h(y).
3
Suppose 0 = 2*o + 2*w - 2, 4*w + 1 = o + 8*w. Let c(f) be the third derivative of -f**5/60 - f**4/12 + f**3/6 + 9487*f**2. Calculate c(o).
-2
Let l be 1 + 5 - 9/(-1). Suppose 0 = l*x + 115 - 10. Let k(v) = 6*v + 4*v**2 - 9 - v**2 - 2*v**2. What is k(x)?
-2
Let t(m) = m + 6. Let b(n) be the first derivative of 9*n**2/2 - 67*n - 33. Let f(j) = 25*j - 200. Let x(w) = 17*b(w) - 6*f(w). Let y be x(-22). What is t(y)?
1
Let i(s) = 1 - 519222*s + 4 + 519213*s. What is i(5)?
-40
Let f(z) = -z**3 - 4*z**2 + 12*z + 44. Let h be f(-5). Suppose -17*q = h - 94. Let t(p) = 3*p - 19. Give t(q).
-4
Let a(i) = 4*i**2 - 8*i. Let w(p) = 3*p**2 - 8*p - 1. Let b(d) = 2*a(d) - 3*w(d). Let g(s) = -s**3 + 9*s**2 - 39*s + 70. Let k be g(3). Give b(k).
10
Let y(n) be the third derivative of -3*n**4/8 - 7*n**3/3 + 3*n**2 - 2*n - 85. Determine y(-2).
4
Let s = 500 - 751. Let n = -247 - s. Let a(v) = v - 5. Let d(l) = -6*l + 26. Let f(x) = 11*a(x) + 2*d(x). Give f(n).
-7
Let z(t) = 9 + 3*t - 2*t + t. Suppose -5 + 80 + 57 = -33*w. Determine z(w).
1
Let c(s) = s**3 - 6*s**2 - 15*s + 12. Suppose -b + 114*g = 113*g - 14, b + 3*g + 10 = 0. Determine c(b).
20
Let b(k) = 5*k + 161. Let t be b(-33). Let y be 3/(-4)*((1 - 1) + t). Let l(x) = -4*x. What is l(y)?
-12
Let n(r) = r**3 - 9*r**2 - r - 1. Let c = 468 + -810. Let s = c - -351. Determine n(s).
-10
Let x(a) = 159 + 5*a - a - 209 - a - 5*a. What is x(0)?
-50
Let j(r) = r**3 + 3*r**2 - 6*r + 3. Let k(h) = h**3 + 3*h**2 - 5*h + 2. Let l(n) = -2*j(n) + 3*k(n). Suppose 21*g - 792 = 27*g. Let o = -136 - g. Give l(o).
-4
Let m(t) be the second derivative of t**5/20 + 11*t**4/12 - t**3/3 - 47*t - 12. Give m(-11).
22
Suppose -3*s + 2*v = -8*s - 136, -3*s - v - 82 = 0. Let r = s + 29. Let h(j) = 4